{"id":636,"date":"2022-05-14T08:56:15","date_gmt":"2022-05-14T06:56:15","guid":{"rendered":"https:\/\/vents-citoyens-53.org\/?page_id=636"},"modified":"2022-05-14T08:58:52","modified_gmt":"2022-05-14T06:58:52","slug":"nos-labels","status":"publish","type":"page","link":"https:\/\/vents-citoyens-53.org\/index.php\/nos-labels\/","title":{"rendered":"Nos labels"},"content":{"rendered":"\n<h2 class=\"wp-block-heading\">Vents citoyens a re\u00e7u le label \"Energies Partag\u00e9e\" pour la ferme \u00e9olienne de Saint Hilaire du Maine ainsi que pour le projet \u00e9olien de la communaut\u00e9 de commune d'Ern\u00e9e<\/h2>\n\n\n\n<figure class=\"wp-block-image size-full\"><img fetchpriority=\"high\" decoding=\"async\" width=\"2560\" height=\"1863\" src=\"https:\/\/vents-citoyens-53.org\/wp-content\/uploads\/2022\/05\/labelCCErnee-scaled.jpeg\" alt=\"\" class=\"wp-image-637\" srcset=\"https:\/\/vents-citoyens-53.org\/wp-content\/uploads\/2022\/05\/labelCCErnee-scaled.jpeg 2560w, https:\/\/vents-citoyens-53.org\/wp-content\/uploads\/2022\/05\/labelCCErnee-300x218.jpeg 300w, https:\/\/vents-citoyens-53.org\/wp-content\/uploads\/2022\/05\/labelCCErnee-1024x745.jpeg 1024w, https:\/\/vents-citoyens-53.org\/wp-content\/uploads\/2022\/05\/labelCCErnee-768x559.jpeg 768w, https:\/\/vents-citoyens-53.org\/wp-content\/uploads\/2022\/05\/labelCCErnee-1536x1118.jpeg 1536w, https:\/\/vents-citoyens-53.org\/wp-content\/uploads\/2022\/05\/labelCCErnee-2048x1490.jpeg 2048w, https:\/\/vents-citoyens-53.org\/wp-content\/uploads\/2022\/05\/labelCCErnee-150x109.jpeg 150w\" sizes=\"(max-width: 2560px) 100vw, 2560px\" \/><\/figure>\n\n\n\n<figure class=\"wp-block-image size-full\"><img decoding=\"async\" width=\"2560\" height=\"1863\" src=\"https:\/\/vents-citoyens-53.org\/wp-content\/uploads\/2022\/05\/labelSaintHilaireDuMaine-scaled.jpeg\" alt=\"\" class=\"wp-image-638\" srcset=\"https:\/\/vents-citoyens-53.org\/wp-content\/uploads\/2022\/05\/labelSaintHilaireDuMaine-scaled.jpeg 2560w, https:\/\/vents-citoyens-53.org\/wp-content\/uploads\/2022\/05\/labelSaintHilaireDuMaine-300x218.jpeg 300w, https:\/\/vents-citoyens-53.org\/wp-content\/uploads\/2022\/05\/labelSaintHilaireDuMaine-1024x745.jpeg 1024w, https:\/\/vents-citoyens-53.org\/wp-content\/uploads\/2022\/05\/labelSaintHilaireDuMaine-768x559.jpeg 768w, https:\/\/vents-citoyens-53.org\/wp-content\/uploads\/2022\/05\/labelSaintHilaireDuMaine-1536x1118.jpeg 1536w, https:\/\/vents-citoyens-53.org\/wp-content\/uploads\/2022\/05\/labelSaintHilaireDuMaine-2048x1490.jpeg 2048w, https:\/\/vents-citoyens-53.org\/wp-content\/uploads\/2022\/05\/labelSaintHilaireDuMaine-150x109.jpeg 150w\" sizes=\"(max-width: 2560px) 100vw, 2560px\" \/><\/figure>\n","protected":false},"excerpt":{"rendered":"<p>Vents citoyens a re\u00e7u le label \u00ab\u00a0Energies Partag\u00e9e\u00a0\u00bb pour la ferme \u00e9olienne de Saint Hilaire du Maine ainsi que pour le projet \u00e9olien de la communaut\u00e9 de commune d&rsquo;Ern\u00e9e<\/p>\n","protected":false},"author":4,"featured_media":0,"parent":0,"menu_order":0,"comment_status":"closed","ping_status":"closed","template":"","meta":{"footnotes":""},"class_list":["post-636","page","type-page","status-publish","hentry"],"_links":{"self":[{"href":"https:\/\/vents-citoyens-53.org\/index.php\/wp-json\/wp\/v2\/pages\/636","targetHints":{"allow":["GET"]}}],"collection":[{"href":"https:\/\/vents-citoyens-53.org\/index.php\/wp-json\/wp\/v2\/pages"}],"about":[{"href":"https:\/\/vents-citoyens-53.org\/index.php\/wp-json\/wp\/v2\/types\/page"}],"author":[{"embeddable":true,"href":"https:\/\/vents-citoyens-53.org\/index.php\/wp-json\/wp\/v2\/users\/4"}],"replies":[{"embeddable":true,"href":"https:\/\/vents-citoyens-53.org\/index.php\/wp-json\/wp\/v2\/comments?post=636"}],"version-history":[{"count":3,"href":"https:\/\/vents-citoyens-53.org\/index.php\/wp-json\/wp\/v2\/pages\/636\/revisions"}],"predecessor-version":[{"id":642,"href":"https:\/\/vents-citoyens-53.org\/index.php\/wp-json\/wp\/v2\/pages\/636\/revisions\/642"}],"wp:attachment":[{"href":"https:\/\/vents-citoyens-53.org\/index.php\/wp-json\/wp\/v2\/media?parent=636"}],"curies":[{"name":"wp","href":"https:\/\/api.w.org\/{rel}","templated":true}]}}

<h2 class="wp-block-heading">Vents citoyens a reçu le label "Energies Partagée" pour la ferme éolienne de Saint Hilaire du Maine ainsi que pour le projet éolien de la communauté de commune d'Ernée</h2>



<figure class="wp-block-image size-full"><img fetchpriority="high" decoding="async" width="2560" height="1863" src="https://vents-citoyens-53.org/wp-content/uploads/2022/05/labelCCErnee-scaled.jpeg" alt="" class="wp-image-637" srcset="https://vents-citoyens-53.org/wp-content/uploads/2022/05/labelCCErnee-scaled.jpeg 2560w, https://vents-citoyens-53.org/wp-content/uploads/2022/05/labelCCErnee-300x218.jpeg 300w, https://vents-citoyens-53.org/wp-content/uploads/2022/05/labelCCErnee-1024x745.jpeg 1024w, https://vents-citoyens-53.org/wp-content/uploads/2022/05/labelCCErnee-768x559.jpeg 768w, https://vents-citoyens-53.org/wp-content/uploads/2022/05/labelCCErnee-1536x1118.jpeg 1536w, https://vents-citoyens-53.org/wp-content/uploads/2022/05/labelCCErnee-2048x1490.jpeg 2048w, https://vents-citoyens-53.org/wp-content/uploads/2022/05/labelCCErnee-150x109.jpeg 150w" sizes="(max-width: 2560px) 100vw, 2560px" /></figure>



<figure class="wp-block-image size-full"><img decoding="async" width="2560" height="1863" src="https://vents-citoyens-53.org/wp-content/uploads/2022/05/labelSaintHilaireDuMaine-scaled.jpeg" alt="" class="wp-image-638" srcset="https://vents-citoyens-53.org/wp-content/uploads/2022/05/labelSaintHilaireDuMaine-scaled.jpeg 2560w, https://vents-citoyens-53.org/wp-content/uploads/2022/05/labelSaintHilaireDuMaine-300x218.jpeg 300w, https://vents-citoyens-53.org/wp-content/uploads/2022/05/labelSaintHilaireDuMaine-1024x745.jpeg 1024w, https://vents-citoyens-53.org/wp-content/uploads/2022/05/labelSaintHilaireDuMaine-768x559.jpeg 768w, https://vents-citoyens-53.org/wp-content/uploads/2022/05/labelSaintHilaireDuMaine-1536x1118.jpeg 1536w, https://vents-citoyens-53.org/wp-content/uploads/2022/05/labelSaintHilaireDuMaine-2048x1490.jpeg 2048w, https://vents-citoyens-53.org/wp-content/uploads/2022/05/labelSaintHilaireDuMaine-150x109.jpeg 150w" sizes="(max-width: 2560px) 100vw, 2560px" /></figure>

<p>Vents citoyens a reçu le label « Energies Partagée » pour la ferme éolienne de Saint Hilaire du Maine ainsi que pour le projet éolien de la communauté de commune d&rsquo;Ernée</p>
